Let u = 72 - -39. Is u prime?
False
Let v = 5 + -5. Suppose -4*n + 92 = -v*n. Is n a composite number?
False
Let m(x) = -26*x + 9. Is m(-5) prime?
True
Let z(d) = -d**3 - 2*d**2 + 2*d + 2. Let t be z(-3). Suppose -2*y - 103 = -t*u, -2*u + 0*u - 2*y + 30 = 0. Is u a composite number?
False
Suppose 8*j = 1127 + 497. Is j a prime number?
False
Suppose -3*f - n = -3*n - 4867, -n + 1614 = f. Is f a prime number?
True
Suppose -4*i = -i + 9, 5*q = -5*i - 45. Let d = q + 9. Let h = 7 - d. Is h a composite number?
True
Let k(v) = 12*v**3 - 3*v**2 + 3*v + 1. Is k(3) a composite number?
False
Let g = -64 - -46. Let z be g/1*2/(-6). Is (8/z)/((-8)/(-84)) a prime number?
False
Suppose 6*k = 2*k - 4*r + 204, 0 = -5*k + 4*r + 300. Is (2 + k)/(4/14) a composite number?
True
Suppose -5*w - 5*t + 2220 = 0, 0 = 2*t + 3*t + 25. Is w prime?
True
Is (22/(-22))/(1/(-2249)) composite?
True
Let g(v) = 3*v**2 - 10*v + 3. Suppose 5*q - 42 = -2. Is g(q) a composite number?
True
Let u = -1176 - -1961. Is u prime?
False
Let i(z) = z**3 - 3*z**2 + 4. Let l(m) = -m**3 - 6*m**2 + 3. Let n be l(-6). Let w be i(n). Suppose -w*k + 22 = -2*c, -3 = 2*k + k + 5*c. Is k a prime number?
False
Let f = -36 - -58. Is f composite?
True
Suppose 9*t - 8*t = 239. Is t composite?
False
Is (-12 + 10)*(2018/(-4) + 3) a composite number?
True
Let b(z) = z**2 + z - 5. Let t = 17 - 24. Let h be b(t). Is h + -1 + 4/(-4) prime?
False
Suppose h = 4*x - 6*x + 5, -5*x + 5*h = -5. Suppose -5*z - x*o = 4, -z - 2*z = 3*o + 6. Suppose 2*j - 7*j + 1655 = z. Is j a prime number?
True
Is ((-11)/3 - -4)*(-2 + 8531) composite?
False
Suppose 5*l = 4*z - 35, 0*l - l - 23 = -4*z. Suppose 5*p - 4*h = 4, z*h - 25 + 9 = p. Is 135 - (-2 + p + 0) prime?
False
Suppose 0 = 2*h - 867 - 499. Is h prime?
True
Let r = 8 + -4. Suppose 0 = -2*i, i - 3*i - 344 = -r*k. Suppose 3*w = k + 91. Is w composite?
False
Suppose 2*w - 4*p = -2, 3*w = -3*p + 14 + 1. Let m(u) = -u**3 + 3*u**2 + u + 1. Let s be m(w). Is (-38)/s*(-6)/3 a composite number?
False
Is (-1)/(2 - 1) - -128 a composite number?
False
Suppose 1 = -j + 6. Suppose j*p - 4*f + 3 = 22, -5*f - 8 = -p. Is p - ((-440)/1)/2 composite?
False
Suppose -665 = -b - 4*g, 2*g + 3*g - 2682 = -4*b. Is b a composite number?
False
Let p be -4 + 4 + (-15)/(-3). Suppose 799 = p*z - 1336. Is z composite?
True
Suppose -3*m + 5*r - 57 = 0, -5*m + 0*m - 3*r - 61 = 0. Let l be (-6)/12 - m/4. Suppose -l*y = -4*o - y + 566, 0 = -4*y - 20. Is o a composite number?
False
Suppose -3*n - 2*n + 5*g + 55 = 0, n - 2*g = 9. Is n a prime number?
True
Let a(v) = 0 + 3*v**2 - 2*v + 2 - 4. Let s = 5 + -2. Is a(s) a composite number?
False
Let z(u) = 11*u**3 + u**2 - u + 17. Let b(k) = -6*k**3 - k**2 + k - 9. Let o(c) = 7*b(c) + 4*z(c). Is o(6) a composite number?
False
Let r(a) be the second derivative of -a**5/20 + 2*a**4/3 - 2*a**3/3 + a**2/2 - 10*a. Is r(6) composite?
True
Let r(x) = x**2 + 2*x + 4. Is r(9) prime?
True
Suppose 2*s = -3*s - 5*f + 20, 5*s = 3*f + 12. Suppose s*j = 5*j - 238. Suppose 0*g - g + j = 0. Is g a composite number?
True
Is (-16)/(3 - 5) - -1 prime?
False
Let p be -6*((-2)/3)/1. Suppose -5*h + 133 = -p*h. Is h a composite number?
True
Is (1/((-20)/1865))/(1/(-4)) a prime number?
True
Suppose -2*l + 2 + 0 = 0. Let b = 2 - l. Let z = b + 8. Is z composite?
True
Let s(y) = -364*y**3 - y - 5. Is s(-2) prime?
True
Let b be 8/(-24) - (-763)/3. Is 1*(b - (0 + 3)) composite?
False
Suppose -4*u + 5 = -5*d - 34, 0 = 2*d + 6. Suppose 6*w - u = 4*w. Suppose w*z + 91 = 4*z. Is z composite?
True
Let f(w) be the second derivative of -13*w**3/6 - 5*w**2/2 - 3*w. Let u be f(-8). Let s = u - 44. Is s prime?
False
Let b be ((-1)/3*0)/1. Suppose -3*f = -b*f - 573. Is f a prime number?
True
Let y = 59 + -34. Is y composite?
True
Suppose 4*k = -26 + 2. Is (2/k)/(2/(-1146)) a composite number?
False
Let f(z) = -3*z + 14 - z**2 - z - 10 - 3*z. Is f(-6) a prime number?
False
Suppose -o + 206 = 5. Is o a composite number?
True
Let i(x) = 13*x**2 - 9*x + 9. Is i(10) composite?
True
Let o(b) = b**3 + 6*b**2 + 11*b - 2*b**2 + 9 - b + 5*b**2. Is o(-6) a prime number?
False
Let z(i) = -9*i - 7. Let y be z(-8). Suppose 0 = -b + 3*s + y, 82 = 2*b + 5*s - 26. Is b composite?
False
Let v(n) = 2*n - 2. Let i be v(3). Is i/(-14) - (-541)/7 composite?
True
Let p = -59 - -22. Let g = -18 - p. Is g a composite number?
False
Let d = 6 + -3. Suppose -2*c + 45 = d*c. Is c a composite number?
True
Let k(g) = 9*g - 1 + 0 - 2. Suppose 3*b + 8 = 5*b. Is k(b) composite?
True
Let k(u) = -6*u**2 - 10*u - 2. Let c(h) = 5*h**2 + 10*h + 2. Let t(j) = -5*c(j) - 4*k(j). Let m be t(-10). Is (3/m)/(15/(-250)) composite?
True
Let l(y) = 22*y + 1. Is l(6) a prime number?
False
Suppose 0 = -2*t - 2*t - 3*i + 26, -5*t = -5*i - 15. Suppose -4*c + 0*r - 15 = -t*r, -3*c + 2*r - 6 = 0. Is 89 - (-1)/3*c prime?
True
Let w = 10 + -5. Suppose w*z - 2*x - 273 = 2*x, 3*x = z - 59. Is z a composite number?
False
Let z = 48 - 34. Is z a composite number?
True
Let c(u) = -2 + 2*u + 2*u - 3*u. Let v(t) = t**2 + 6*t + 6. Let j be v(-6). Is c(j) a composite number?
True
Let o = -4 + 1. Is (-189 + o)/(-3) + 1 a composite number?
True
Let a be (-8)/(-5) - (-2)/5. Suppose -1 = -t + a. Is t a composite number?
False
Let a = 266 - 184. Is a prime?
False
Suppose 3*g - 8 = 2*g. Let n(a) = a**2 + a + 2. Let c be n(0). Suppose c*w = -2*d + 184, -23 = 3*d - g. Is w a composite number?
False
Let g(m) = -2*m + 49. Is g(0) a composite number?
True
Suppose 378 = 3*l - 156. Is l composite?
True
Suppose -f = f - 380. Is ((-5)/2)/((-5)/f) composite?
True
Suppose 4 + 2 = 3*c. Suppose 123 = -2*d + 2*x + 403, 2*d = x + 280. Is d/c - (-1 + 4) a prime number?
True
Suppose 3*y + 3*j = 228, 2*y - 61 = y + 2*j. Suppose y + 352 = -3*m. Let c = m + 230. Is c a composite number?
False
Let l be 1/1 + (-188)/(-1). Let d = 112 - l. Let n = d + 144. Is n prime?
True
Suppose -5*m = -k - 630, 4*m - 2*m + k - 259 = 0. Is m a composite number?
False
Suppose -m + 5*d = -116, -3*d + 303 + 46 = 4*m. Is m prime?
False
Is -1 + (4 - 2) - -96 composite?
False
Suppose 0 = -c + 4*s + 31, 12 = 4*c + 4*s - 172. Is c prime?
True
Suppose b - 264 = -2*b. Let g be (5 - 4)/((-1)/b). Let t = -5 - g. Is t a prime number?
True
Let q(v) = -2*v**3 - 10*v**2 - 18*v - 13. Is q(-6) a prime number?
True
Suppose -421 = -2*a + 693. Is a a composite number?
False
Suppose 5*l - 3*l + 12 = 0. Is ((-75)/l)/(-1)*-2 composite?
True
Suppose -20 = 3*b + 3*f + 2*f, 0 = 5*f + 20. Let g = -1 + b. Is (18 - g)/(2 + -1) a composite number?
False
Suppose -3*q + 9*z = 4*z - 12, 4*q + 5*z + 19 = 0. Suppose -u = -2*x + 2*u + 196, 3*u - 184 = -2*x. Is x/(-25)*5/q prime?
True
Suppose -3*b + 3*l = -429, 0*b + l + 431 = 3*b. Suppose -27 = 3*u - b. Is u composite?
True
Let a(y) = -13*y + 1. Let i = 9 - 13. Is a(i) a composite number?
False
Suppose -v + 5145 = 2*i, 13*i = 8*i - 5. Is v a prime number?
True
Let d(y) = -46*y + 7. Let p be d(-6). Let g = 154 + -324. Let r = p + g. Is r a composite number?
False
Suppose 5*c = -4*l + 1183, -c + l + 0*l + 233 = 0. Is c a composite number?
True
Suppose d + 1212 = 5*d. Is d composite?
True
Is (2*(-4)/8)/((-3)/2955) a prime number?
False
Let u be -4*((-35)/20 + 1). Suppose 0 = -3*m + 4*m + 3. Is 166*m*u/(-18) a composite number?
False
Suppose -147 = -q + 2*t, 0 = -q + 5*t + 116 + 28. Is q composite?
False
Let p be 6 - 0 - (-9)/(-3). Suppose -1400 = -3*c + u, p*c - 1872 = -c - 4*u. Is c composite?
False
Let a = 899 - 612. Is a prime?
False
Let b be (0 - -15)*10/30. Suppose -b*n = -598 - 457. Is n a composite number?
False
Let o = 8 - -2. Suppose a = 6*a - o, 0 = g + 3*a - 11. Suppose -g*i + 77 = -153. Is i composite?
True
Let p(z) = -57*z + 6. Let h(y) = -56*y + 5. Let u(j) = -5*h(j) + 4*p(j). Let s be u(3). Suppose -8*a + 3*a + s = 0. Is a a prime number?
True
Let o = -40 + 26. Let x = o + 48. Suppose 0 = 5*t - x - 261. Is t a composite number?
False
Let i = -9 - -13. Suppose -4*v + 4*n + 916 = 0, -5*v + 223 = -i*v + n. Is v a composite number?
True
Let j(a) = -64*a - 3. Suppose 4*z = 2*x - 5 + 21, 0 = -5*x - 2*z - 16. Is j(x) prime?
False
Is ((-347)/(-2))/(6/84) a composite number?
True
Suppose 0 = -4*m - 3*m + 133. Is m composite?
False
Let j = 342 + -89. Is j a composite number?
True
Let u =